12
Let m(k) = -1159*k**2 + 4*k + 2. Give m(-1).
-1161
Let i(s) = -2*s**3 + 99*s**2 + 115*s - 3185. Calculate i(50).
65
Let z(x) = 2*x**2 - 1747*x + 82226. Give z(50).
-124
Let p(m) = -166*m - 2749. Give p(-23).
1069
Let n(s) = s**3 - 59*s**2 - 2100*s - 17. Give n(84).
-17
Let a(m) = 1406*m + 6988. What is a(-5)?
-42
Let p(g) = 45744*g - 1601066. What is p(35)?
-26
Let t(i) = -4122*i - 1537516. Calculate t(-373).
-10
Let x(z) = z**2 - 58101*z - 4. What is x(0)?
-4
Let g(r) = -2*r**2 + 356*r + 4177. Determine g(189).
19
Let l(k) = k**3 + 31*k**2 - 82960*k - 8738. Calculate l(273).
-2
Let n(i) = i**3 + i**2 - 9246*i - 27720. Determine n(-3).
0
Let l(x) = -30241*x + 1512030. Determine l(50).
-20
Let j(b) = -b**3 + 64*b**2 + 280*b - 5677. Determine j(67).
-384
Let x(c) = c**2 - 3641720*c - 25492090. Calculate x(-7).
-1
Let j(c) = 2*c**2 + 138*c - 31143. Give j(95).
17
Let x(i) = 2974*i**2 + 127880*i - 76. Calculate x(-43).
10
Let j(v) = 4*v**3 - 68*v**2 + 52*v - 977. Determine j(17).
-93
Let z(w) = -16131*w - 16260. Give z(-1).
-129
Let w(x) = -3*x**3 - 111*x**2 - 621*x + 254. Calculate w(-30).
-16
Let p(j) = -3*j**3 + 20*j**2 - 26*j - 52. What is p(4)?
-28
Let t(g) = -13316*g**2 - 119874*g - 57. Calculate t(-9).
213
Let s(v) = v**2 + 35289*v + 634876. What is s(-18)?
-2
Let q(u) = -u**3 - 9*u**2 + 337*u + 2134. Give q(-6).
4
Let c(t) = t**2 - 3645*t - 66240. What is c(-18)?
-306
Let n(q) = q**2 - 47*q - 2914. Determine n(-36).
74
Let j(a) = -502300*a + 7534505. Calculate j(15).
5
Let h(i) = 362*i**2 + 57*i - 56. Determine h(1).
363
Let s(z) = -923*z**2 + 83063*z + 576. Determine s(90).
-54
Let r(f) = -3*f**3 - 251*f**2 - 1953*f + 442. What is r(-75)?
667
Let a(n) = -11621*n + 150932. What is a(13)?
-141
Let l(v) = 256*v**3 + 142*v**2 - 5*v - 6. What is l(-2)?
-1476
Let o(l) = 8*l**2 + 403*l - 313. Determine o(-51).
-58
Let o(a) = -21*a**2 - 164*a - 627. What is o(-5)?
-332
Let m(y) = -y**3 + 58*y**2 + 5*y + 249. Calculate m(0).
249
Let q(t) = 3*t**3 + 117*t**2 - 87*t + 1329. What is q(-40)?
9
Let l(f) = 5*f**3 - 1141*f**2 + 9015*f + 1096. Give l(220).
-4
Let o(b) = -11*b + 88. Give o(-11).
209
Let z(y) = 8067*y + 38082. Calculate z(-5).
-2253
Let d(l) = -423*l - 6747. Determine d(-19).
1290
Let r(n) = -3*n**3 + 275*n**2 - 1008*n - 181. Determine r(4).
-5
Let m(t) = t**3 + 568*t**2 + 2319*t + 262. What is m(-4)?
10
Let c(t) = t**3 + 538*t**2 + 950*t. Determine c(0).
0
Let r(w) = -w**3 - 710*w**2 - 10419*w + 92. Determine r(-15).
2
Let c(v) = -485*v - 62288. Calculate c(-126).
-1178
Let y(o) = -12*o**2 + 490*o - 1117. Give y(39).
-259
Let c(v) = 2*v**3 + 166*v**2 + 159*v - 655. Determine c(-82).
-245
Let t(a) = -11*a**3 - 74*a**2 - 3*a - 66. Give t(-4).
-534
Let j(h) = 298*h**2 + 1258*h + 15. What is j(-4)?
-249
Let y(o) = -o**3 + 22*o**2 - 156*o + 17. Determine y(12).
-415
Let f(g) = -310*g**2 + 226001*g - 8022. Calculate f(729).
-3
Let i(y) = -168779*y - 2700413. Determine i(-16).
51
Let a(d) = 8*d**2 + 259*d + 842. Calculate a(-29).
59
Let g(y) = y**3 + 107*y**2 + 201*y + 449. What is g(-105)?
1394
Let z(t) = 3*t**2 - 168514*t + 2190168. Determine z(13).
-7
Let w(i) = -1233*i - 888996. Give w(-721).
-3
Let n(g) = 21*g**2 + 403*g - 1884. Determine n(5).
656
Let f(h) = h**3 + 20*h**2 - 68*h - 1. Determine f(-24).
-673
Let o(c) = 231*c - 6666. Give o(28).
-198
Let c(u) = 3*u**2 - 26*u - 187. What is c(-5)?
18
Let p(y) = -75378*y - 3241268. Calculate p(-43).
-14
Let u(v) = -18*v**2 + 346*v - 76. Calculate u(15).
1064
Let h(r) = -3912*r - 363811. Calculate h(-93).
5
Let y(x) = 37*x**2 + 4581*x - 546. Give y(-124).
322
Let o(i) = -7526*i - 4884378. What is o(-649)?
-4
Let c(f) = 8*f**2 - 664*f - 2792. Give c(87).
-8
Let w(f) = 12*f**2 - 181*f - 1725. Determine w(22).
101
Let w(l) = -4*l**2 + 462*l - 666. What is w(114)?
18
Let w(f) = f**3 + 85*f**2 - 71*f + 1309. Give w(-86).
19
Let q(c) = 871*c - 209848. Give q(241).
63
Let g(a) = 906*a - 1361. Give g(2).
451
Let p(u) = -2*u**3 + 9*u**2 - 28*u - 4. Give p(6).
-280
Let l(h) = 4*h**3 - 4540*h**2 - 18205*h - 21663. Calculate l(1139).
-22
Let y(l) = -7*l**2 - 87136*l - 87136. Give y(-1).
-7
Let h(t) = -110*t + 1021. Give h(16).
-739
Let u(w) = -4649*w + 23254. Calculate u(5).
9
Let i(c) = -3*c**2 + 2215*c - 407507. Calculate i(348).
1
Let p(m) = 14*m**2 - 135*m - 579. Determine p(13).
32
Let f(t) = -116*t**2 + 120*t + 117. Calculate f(-1).
-119
Let g(d) = -2*d**2 - 29*d + 36. What is g(11)?
-525
Let z(j) = -279*j - 25905. Calculate z(-92).
-237
Let w(v) = v**3 - 32*v**2 + 115*v - 17. Give w(28).
67
Let c(j) = -1404*j - 157257. Give c(-112).
-9
Let r(j) = -18*j**2 + 6103*j - 36597. What is r(6)?
-627
Let w(g) = -2*g**2 - 187*g + 9826. Calculate w(-131).
1
Let p(b) = b**2 + 10*b - 9047. Give p(84).
-1151
Let a(q) = 20*q**2 + 224*q - 7. Calculate a(-13).
461
Let s(k) = -k**3 - 556*k**2 + 20062*k + 1300. Determine s(-590).
120
Let u(h) = -838*h - 63934. Give u(-76).
-246
Let f(t) = t**3 + 123*t**2 + 344*t - 2084. Give f(-120).
-164
Let k(w) = 10*w**2 + 190*w - 2462. Calculate k(9).
58
Let p(b) = -2635*b - 42152. Determine p(-16).
8
Let q(s) = -s**2 + 1654*s - 206537. Calculate q(136).
-89
Let n(q) = 3*q**3 - 94*q**2 + 120*q + 164. Calculate n(30).
164
Let j(m) = 2368*m - 13958. Calculate j(6).
250
Let p(a) = 95*a**2 + 70*a - 140. Determine p(2).
380
Let n(p) = -3*p**2 - 50*p - 32. Calculate n(-7).
171
Let t(r) = -161607*r - 969572. Calculate t(-6).
70
Let y(l) = -l**3 + 13*l**2 - 313*l + 4512. What is y(14)?
-66
Let s(q) = 18835*q - 357883. Give s(19).
-18
Let s(r) = -47*r**2 + 87*r + 371. Calculate s(4).
-33
Let g(m) = -2*m**3 + 130*m**2 + 5*m + 83. Calculate g(65).
408
Let p(i) = 2*i**3 + i**2 + 328*i + 981. Give p(-3).
-48
Let r(c) = 18*c**3 - 77*c**2 - 169*c - 14. Determine r(-2).
-128
Let f(c) = -211*c - 546. Calculate f(-5).
509
Let b(m) = 3*m**3 + 46*m**2 - 382*m - 4289. Calculate b(-18).
-5
Let k(g) = 21*g**3 - 204*g**2 - 1255*g - 96. Determine k(14).
-26
Let x(b) = 7392*b - 125615. Give x(17).
49
Let q(u) = 107*u**2 + 14338*u - 5. Determine q(-134).
-5
Let c(j) = -j**2 - 197*j - 556. What is c(-17)?
2504
Let r(t) = -10*t**2 - 23*t + 228. Determine r(9).
-789
Let g(s) = -631*s - 107428. What is g(-171)?
473
Let y(b) = -6*b**2 - 1103*b - 42011. Determine y(-130).
-21
Let m(b) = b**3 - 86*b**2 - 794*b + 74708. What is m(85)?
-7
Let m(k) = 11*k**2 + 4507*k + 26638. Calculate m(-6).
-8
Let r(q) = 243*q**2 - 165*q - 152. Determine r(-1).
256
Let d(g) = -3404985*g + 6809971. Calculate d(2).
1
Let o(a) = -93202*a + 466168. Calculate o(5).
158
Let m(x) = x**3 - 108*x**2 - 158*x - 3559. What is m(110)?
3261
Let n(t) = t**3 + 4*t**2 - 1898*t - 9378. Calculate n(-5).
87
Let u(s) = -s**3 - 331*s**2 - 17290*s + 5. Calculate u(-65).
5
Let u(n) = -274*n**2 - 255*n + 480. Give u(2).
-1126
Let u(l) = 3*l**3 - 73*l**2 + 124*l - 4362. Determine u(25).
-12
Let g(u) = u**3 + 19*u**2 + 61*u + 70. Determine g(-4).
66
Let l(d) = d**3 - 98*d**2 - 108*d + 10302. What is l(98)?
-282
Let u(p) = 53196*p + 372383. What is u(-7)?
11
Let f(u) = -369*u - 949. What is f(-3)?
158
Let d(s) = 2*s**2 - 4328*s - 21702. Calculate d(-5).
-12
Let c(d) = -4*d**2 + 579*d + 2394. Give c(-4).
14
Let r(y) = 10*y**3 + 524*y**2 + 4528*y - 5988. Give r(-41).
-2
Let r(c) = 10893*c + 32935. Determine r(-3).
256
Let l(g) = 67*g**2 + 8271*g - 8269. Determine l(1).
69
Let j(h) = 91*h + 3450. Give j(-39).
-99
Let i(z) = -7196*z - 57778. Calculate i(-8).
-210
Let t(z) = 188869*z + 2077558. What is t(-11)?
-1
Let h(y) = 458*y**2 + 16939*y - 233. Determine h(-37).
26
Let g(c) = -1227*c - 231902. Determine g(-189).
1
Let b(z) = z**3 + 114*z**2 - 156*z - 17791. Determine b(-114).
-7
Let p(u) = 25*u**2 + 22*u - 328. Determine p(9).
1895
Let z(h) = -2172*h**2 - 34488*h + 4228. Determine z(-16).
4
Let x(q) = -28*q**2 + 2396*q - 212. What is x(87)?
-3692
Let s(x) = 9241*x - 452802. Give s(49).
7
Let i(d) = 4381*d**2 + 963*d + 965. Calculate i(-1).
4383
Let g(h) = h**2 - 19496*h - 331736. Give g(-17).
-15
Let f(i) = -1854*i - 12523. Give f(-7).
455
Let y(h) = -11*h**2 - 617*h + 559. What is y(-57)?
-11
Let s(d) = 12*d**2 + 2048*d + 45130. Give s(-26).
-6
Let r(z) = -2*z**2 - 165*z + 22. Give r(-82).
104
Let a(y) = 26294*y + 1577658. Calculate a(-60).
18
Let k(c